{"id":68,"date":"2015-02-19T22:30:49","date_gmt":"2015-02-19T21:30:49","guid":{"rendered":"http:\/\/dfs-betriebssport.de\/?page_id=68"},"modified":"2024-03-22T23:00:23","modified_gmt":"2024-03-22T22:00:23","slug":"mitglied-werden","status":"publish","type":"page","link":"https:\/\/dfs-betriebssport.de\/?page_id=68","title":{"rendered":"Mitglied werden"},"content":{"rendered":"<p><strong>Wer kann Mitglied werden?<\/strong><br \/>\nNeben DFS-Mitarbeitern steht der DFS-Betriebssportverein auch Angeh\u00f6rigen,\u00a0 Freunden und allen anderen Interessierten offen.<\/p>\n<p><strong>Was kostet es?<\/strong><br \/>\nDer Jahresbeitrag betr\u00e4gt derzeit 25,- EUR. Je nach Sportart k\u00f6nnen ggf. weitere Zusatzbeitr\u00e4ge anfallen, Informationen hierzu erhalten Sie bei jeweiligen den Spartenleitern.<\/p>\n<p><strong>Wie werde ich Mitglied?<\/strong><br \/>\nDer schnellste und einfachste Weg ist es sich per Email mit dem Spartenleiter der gew\u00fcnschten Sportart in Verbindung zu setzen (vorname.nachname@dfs.de) und seinen Beitrittswunsch mitzuteilen. Es werden dann das <a title=\"\u00dcber den Verein\" href=\"https:\/\/dfs-betriebssport.de\/?page_id=15\">Antragsformular und die Vereinssatzung<\/a> ausgeh\u00e4ndigt sowie weitere Infos zu Trainings, Wettbewerben, notwendiger Ausr\u00fcstung etc. mitgeteilt. Anfragen f\u00fcr Probetrainings oder Schnupperstunden sind ebenfalls herzlich willkommen!<\/p>\n<p>Anfragen f\u00fcr die Aufnahme als F\u00f6rdermitglied, f\u00fcr Spenden oder weitergehende generelle Informationen richten Sie bitte direkt an den Vereinsvorstand entweder per Email unter\u00a0\u00a0<a href=\"https:\/\/dfs-betriebssport.de\/wp-content\/uploads\/2015\/02\/betriebssport-at-dfs.de_.jpg\"><img loading=\"lazy\" decoding=\"async\" class=\"alignnone size-full wp-image-77\" src=\"https:\/\/dfs-betriebssport.de\/wp-content\/uploads\/2015\/02\/betriebssport-at-dfs.de_.jpg\" alt=\"betriebssport-at-dfs.de\" width=\"157\" height=\"15\" srcset=\"https:\/\/dfs-betriebssport.de\/wp-content\/uploads\/2015\/02\/betriebssport-at-dfs.de_.jpg 157w, https:\/\/dfs-betriebssport.de\/wp-content\/uploads\/2015\/02\/betriebssport-at-dfs.de_-150x15.jpg 150w\" sizes=\"auto, (max-width: 157px) 100vw, 157px\" \/><\/a>\u00a0 oder schriftlich an:<br \/>\nDFS-Betriebssportverein-Langen e.V., Am DFS-Campus 10, 63225 Langen<\/p>\n","protected":false},"excerpt":{"rendered":"<p>Wer kann Mitglied werden? Neben DFS-Mitarbeitern steht der DFS-Betriebssportverein auch Angeh\u00f6rigen,\u00a0 Freunden und allen anderen Interessierten offen. Was kostet es? Der Jahresbeitrag betr\u00e4gt derzeit 25,- EUR. Je nach Sportart k\u00f6nnen ggf. weitere Zusatzbeitr\u00e4ge anfallen, Informationen hierzu erhalten Sie bei jeweiligen den Spartenleitern. Wie werde ich Mitglied? Der schnellste und einfachste Weg ist es sich per &hellip; <a href=\"https:\/\/dfs-betriebssport.de\/?page_id=68\" class=\"more-link\"><span class=\"screen-reader-text\">Mitglied werden<\/span> weiterlesen <span class=\"meta-nav\">&rarr;<\/span><\/a><\/p>\n","protected":false},"author":1,"featured_media":0,"parent":0,"menu_order":0,"comment_status":"closed","ping_status":"closed","template":"","meta":{"footnotes":""},"class_list":["post-68","page","type-page","status-publish","hentry"],"_links":{"self":[{"href":"https:\/\/dfs-betriebssport.de\/index.php?rest_route=\/wp\/v2\/pages\/68","targetHints":{"allow":["GET"]}}],"collection":[{"href":"https:\/\/dfs-betriebssport.de\/index.php?rest_route=\/wp\/v2\/pages"}],"about":[{"href":"https:\/\/dfs-betriebssport.de\/index.php?rest_route=\/wp\/v2\/types\/page"}],"author":[{"embeddable":true,"href":"https:\/\/dfs-betriebssport.de\/index.php?rest_route=\/wp\/v2\/users\/1"}],"replies":[{"embeddable":true,"href":"https:\/\/dfs-betriebssport.de\/index.php?rest_route=%2Fwp%2Fv2%2Fcomments&post=68"}],"version-history":[{"count":6,"href":"https:\/\/dfs-betriebssport.de\/index.php?rest_route=\/wp\/v2\/pages\/68\/revisions"}],"predecessor-version":[{"id":1494,"href":"https:\/\/dfs-betriebssport.de\/index.php?rest_route=\/wp\/v2\/pages\/68\/revisions\/1494"}],"wp:attachment":[{"href":"https:\/\/dfs-betriebssport.de\/index.php?rest_route=%2Fwp%2Fv2%2Fmedia&parent=68"}],"curies":[{"name":"wp","href":"https:\/\/api.w.org\/{rel}","templated":true}]}}